t is the greatest common divisor of 10293 and 141?
141
What is the greatest common factor of 3654 and 38280?
174
Calculate the highest common divisor of 33798 and 58996.
86
Calculate the highest common divisor of 63116 and 403.
31
What is the highest common divisor of 345 and 645?
15
Calculate the highest common divisor of 217 and 7665.
7
Calculate the highest common divisor of 442417 and 194.
97
Calculate the highest common divisor of 2 and 38746.
2
Calculate the highest common factor of 57710 and 522.
58
What is the highest common divisor of 3931 and 2?
1
Calculate the greatest common factor of 1804 and 1028731.
451
Calculate the highest common factor of 6237 and 234.
9
What is the highest common divisor of 40 and 49288?
8
What is the greatest common factor of 173457 and 108?
9
Calculate the highest common factor of 187264 and 484.
44
Calculate the greatest common divisor of 1353 and 39688.
451
What is the highest common divisor of 492450 and 3234?
294
Calculate the greatest common divisor of 2208 and 207.
69
Calculate the greatest common factor of 693339 and 717.
717
Calculate the highest common factor of 2209 and 36331.
47
What is the greatest common divisor of 14620 and 1190?
170
What is the highest common factor of 3292718 and 754?
754
What is the greatest common divisor of 2794 and 457962?
254
What is the greatest common factor of 8379 and 1216?
19
Calculate the highest common factor of 248532 and 24.
12
Calculate the highest common factor of 612 and 9393588.
612
What is the highest common divisor of 81830 and 278890?
1670
What is the highest common factor of 16351 and 332?
83
Calculate the greatest common divisor of 6 and 347688.
6
What is the greatest common factor of 937923 and 3717?
1239
Calculate the highest common divisor of 1159366 and 26.
26
What is the highest common factor of 212 and 999898?
106
What is the greatest common factor of 109 and 61367?
109
Calculate the greatest common divisor of 12 and 4324.
4
What is the highest common factor of 60 and 3990?
30
Calculate the greatest common factor of 89495 and 140.
35
What is the greatest common divisor of 725 and 587525?
25
Calculate the highest common divisor of 323 and 39083.
323
Calculate the greatest common factor of 1286 and 14.
2
Calculate the greatest common divisor of 89940 and 20.
20
What is the greatest common factor of 371 and 333847?
53
Calculate the highest common divisor of 111 and 146298.
111
What is the highest common divisor of 141 and 385024?
47
What is the highest common divisor of 583 and 3267?
11
What is the greatest common divisor of 395 and 1555?
5
What is the highest common divisor of 5293 and 4087?
67
What is the highest common factor of 211194 and 6372?
54
What is the greatest common factor of 23149095 and 15?
15
What is the highest common factor of 59955 and 105?
105
Calculate the greatest common divisor of 14 and 161474.
2
What is the greatest common divisor of 656214 and 9165?
1833
Calculate the greatest common factor of 2967837 and 12.
3
What is the greatest common divisor of 181 and 800563?
181
What is the highest common factor of 996 and 235803?
249
Calculate the highest common factor of 162 and 672678.
54
What is the greatest common divisor of 384 and 5120?
128
What is the highest common divisor of 915953 and 673?
673
Calculate the greatest common divisor of 314041 and 245.
49
Calculate the greatest common factor of 31565 and 6955.
535
What is the highest common divisor of 2 and 1287398?
2
What is the highest common divisor of 101925 and 54?
27
Calculate the highest common factor of 143254 and 82.
82
Calculate the greatest common factor of 1172 and 1245836.
1172
What is the highest common factor of 621 and 54?
27
What is the highest common divisor of 2929 and 145?
29
What is the highest common divisor of 299 and 226759?
13
What is the highest common factor of 2193 and 105995?
731
What is the greatest common divisor of 1151095 and 110?
55
What is the highest common factor of 79739 and 2178?
121
What is the highest common factor of 2031452 and 639?
71
What is the highest common divisor of 48599 and 851?
23
Calculate the highest common divisor of 27193 and 1207.
71
Calculate the greatest common divisor of 75 and 3714.
3
What is the highest common factor of 6881 and 14?
7
What is the highest common divisor of 177047 and 13?
13
Calculate the greatest common factor of 1029 and 294637.
343
What is the highest common factor of 20 and 164?
4
What is the highest common divisor of 1208436 and 12?
12
Calculate the highest common factor of 180 and 17300.
20
Calculate the greatest common divisor of 595 and 35785.
85
What is the highest common divisor of 9 and 818460?
9
What is the greatest common divisor of 58653 and 12483?
171
Calculate the greatest common divisor of 12088 and 40.
8
What is the greatest common divisor of 7734 and 1662?
6
Calculate the greatest common divisor of 1647 and 66307.
61
What is the greatest common divisor of 1961 and 1219?
53
Calculate the greatest common factor of 1810 and 1970.
10
Calculate the highest common divisor of 189110 and 10.
10
Calculate the highest common divisor of 16 and 438416.
16
What is the highest common factor of 1403 and 4577?
23
Calculate the highest common factor of 744 and 261702.
186
What is the greatest common factor of 34580 and 2782?
26
What is the greatest common factor of 2754 and 24378?
102
Calculate the highest common factor of 87775 and 125.
25
What is the highest common factor of 3162 and 183?
3
Calculate the greatest common factor of 23 and 11500.
23
Calculate the greatest common factor of 34 and 6341.
17
Calculate the greatest common factor of 88308 and 792.
396
Calculate the highest common factor of 10272 and 32.
32
What is the highest common factor of 534700 and 200?
100
What is the greatest common factor of 251723 and 211?
211
What is the greatest common factor of 95 and 157358?
19
Calculate the greatest common factor of 63426 and 162.
6
Calculate the greatest common factor of 45900 and 3810.
30
Calculate the greatest common divisor of 10455 and 561.
51
Calculate the greatest common factor of 100466 and 382.
382
What is the greatest common divisor of 22155 and 6?
3
Calculate the highest common divisor of 6546 and 294.
6
What is the greatest common factor of 483240 and 120?
120
What is the greatest common factor of 4851 and 198?
99
What is the greatest common divisor of 146736 and 136546?
2038
What is the highest common factor of 28 and 20272?
28
Calculate the highest common divisor of 364 and 9550268.
364
Calculate the greatest common divisor of 2608 and 163.
163
What is the greatest common factor of 113670 and 54?
54
What is the greatest common factor of 29440 and 14260?
460
What is the greatest common factor of 168 and 32949?
21
Calculate the greatest common factor of 502 and 884524.
502
What is the greatest common factor of 318 and 39538?
106
Calculate the greatest common factor of 331210 and 2310.
110
What is the highest common factor of 10095 and 255?
15
Calculate the greatest common factor of 596725 and 25.
25
Calculate the highest common factor of 39462 and 6.
6
What is the highest common divisor of 648 and 26568?
648
What is the highest common divisor of 181920 and 12?
12
What is the highest common divisor of 63 and 45759?
21
What is the greatest common factor of 38 and 12476426?
38
Calculate the highest common divisor of 9366 and 910.
14
Calculate the greatest common factor of 143 and 2743.
13
Calculate the greatest common factor of 1547 and 2227.
17
Calculate the highest common divisor of 6981822 and 54.
54
What is the greatest common divisor of 40125 and 13625?
125
What is the highest common divisor of 98 and 34055?
49
Calculate the highest common divisor of 15884 and 17708.
76
Calculate the greatest common factor of 49735 and 1305.
145
What is the highest common divisor of 375 and 1895375?
125
Calculate the highest common divisor of 583 and 379.
1
What is the highest common factor of 502203 and 13?
13
Calculate the greatest common divisor of 4425 and 705.
15
Calculate the highest common factor of 378 and 1632288.
42
Calculate the highest common factor of 3165 and 17790.
15
What is the highest common factor of 542 and 19783?
271
Calculate the highest common factor of 190111 and 